5
What is the ten thousands digit of 244371?
4
What is the units digit of 280838?
8
What is the ten thousands digit of 2579142?
7
What is the units digit of 298455?
5
What is the hundred thousands digit of 4950672?
9
What is the hundreds digit of 19705732?
7
What is the thousands digit of 561522?
1
What is the hundred thousands digit of 1787630?
7
What is the tens digit of 401976?
7
What is the hundred thousands digit of 4505283?
5
What is the ten thousands digit of 2723964?
2
What is the units digit of 1596553?
3
What is the units digit of 28624341?
1
What is the units digit of 1184550?
0
What is the hundreds digit of 115780?
7
What is the thousands digit of 39652?
9
What is the hundreds digit of 190313?
3
What is the tens digit of 255844?
4
What is the hundred thousands digit of 883520?
8
What is the units digit of 1205708?
8
What is the tens digit of 6491185?
8
What is the units digit of 1407674?
4
What is the units digit of 2478748?
8
What is the tens digit of 182477?
7
What is the units digit of 5711698?
8
What is the ten thousands digit of 655920?
5
What is the units digit of 25290445?
5
What is the thousands digit of 268567?
8
What is the units digit of 204389?
9
What is the tens digit of 421918?
1
What is the hundred thousands digit of 1956815?
9
What is the hundred thousands digit of 568576?
5
What is the units digit of 9066380?
0
What is the units digit of 1156693?
3
What is the thousands digit of 2144693?
4
What is the millions digit of 3338815?
3
What is the units digit of 594540?
0
What is the ten thousands digit of 387266?
8
What is the ten thousands digit of 32896?
3
What is the hundred thousands digit of 1334789?
3
What is the ten thousands digit of 415068?
1
What is the tens digit of 295723?
2
What is the hundred thousands digit of 284056?
2
What is the hundred thousands digit of 589855?
5
What is the tens digit of 5719816?
1
What is the thousands digit of 558486?
8
What is the tens digit of 15299?
9
What is the ten thousands digit of 1891103?
9
What is the units digit of 7591123?
3
What is the hundreds digit of 117235?
2
What is the hundreds digit of 478891?
8
What is the hundred thousands digit of 11863036?
8
What is the hundreds digit of 9774514?
5
What is the ten thousands digit of 4266842?
6
What is the thousands digit of 1096744?
6
What is the hundreds digit of 241944?
9
What is the thousands digit of 19946970?
6
What is the millions digit of 2097834?
2
What is the ten thousands digit of 3260719?
6
What is the tens digit of 278238?
3
What is the units digit of 138417?
7
What is the tens digit of 2499862?
6
What is the ten millions digit of 17941197?
1
What is the hundreds digit of 11372005?
0
What is the thousands digit of 596079?
6
What is the millions digit of 3360790?
3
What is the hundred thousands digit of 466239?
4
What is the thousands digit of 5324838?
4
What is the units digit of 173460?
0
What is the ten millions digit of 38391708?
3
What is the ten thousands digit of 1317677?
1
What is the ten thousands digit of 212425?
1
What is the ten thousands digit of 3500438?
0
What is the units digit of 1326657?
7
What is the ten thousands digit of 637839?
3
What is the hundred thousands digit of 1809193?
8
What is the units digit of 8873496?
6
What is the tens digit of 219133?
3
What is the ten thousands digit of 1993312?
9
What is the thousands digit of 6001847?
1
What is the thousands digit of 10594617?
4
What is the ten thousands digit of 5514097?
1
What is the ten thousands digit of 158925?
5
What is the units digit of 10480490?
0
What is the thousands digit of 166970?
6
What is the ten thousands digit of 171846?
7
What is the hundreds digit of 8932280?
2
What is the hundreds digit of 11254543?
5
What is the hundreds digit of 2144777?
7
What is the ten thousands digit of 757596?
5
What is the tens digit of 16412549?
4
What is the hundreds digit of 341698?
6
What is the hundred thousands digit of 21019093?
0
What is the millions digit of 1422177?
1
What is the tens digit of 1203443?
4
What is the units digit of 515503?
3
What is the ten thousands digit of 7109853?
0
What is the millions digit of 1677051?
1
What is the thousands digit of 1492243?
2
What is the hundred thousands digit of 374148?
3
What is the tens digit of 443914?
1
What is the tens digit of 198415?
1
What is the hundred thousands digit of 503810?
5
What is the ten thousands digit of 5209060?
0
What is the hundreds digit of 14467?
4
What is the millions digit of 1048524?
1
What is the tens digit of 353301?
0
What is the units digit of 456156?
6
What is the units digit of 110434?
4
What is the tens digit of 17819287?
8
What is the ten thousands digit of 7304594?
0
What is the hundreds digit of 677886?
8
What is the ten thousands digit of 122019?
2
What is the units digit of 140958?
8
What is the thousands digit of 3975955?
5
What is the ten thousands digit of 49975?
4
What is the ten thousands digit of 4552548?
5
What is the tens digit of 781852?
5
What is the millions digit of 3868100?
3
What is the tens digit of 5539139?
3
What is the ten thousands digit of 737947?
3
What is the hundred thousands digit of 21451477?
4
What is the hundred thousands digit of 9634562?
6
What is the thousands digit of 4351355?
1
What is the hundreds digit of 19423004?
0
What is the hundreds digit of 170891?
8
What is the ten thousands digit of 788070?
8
What is the tens digit of 129230?
3
What is the hundreds digit of 2896990?
9
What is the hundreds digit of 606205?
2
What is the thousands digit of 339871?
9
What is the units digit of 269213?
3
What is the tens digit of 60779?
7
What is the thousands digit of 674956?
4
What is the thousands digit of 477852?
7
What is the tens digit of 3338450?
5
What is the thousands digit of 1131979?
1
What is the units digit of 296990?
0
What is the units digit of 823914?
4
What is the hundreds digit of 110928?
9
What is the millions digit of 31228353?
1
What is the ten thousands digit of 1157782?
5
What is the hundred thousands digit of 286008?
2
What is the units digit of 262853?
3
What is the tens digit of 7051849?
4
What is the hundred thousands digit of 235943?
2
What is the ten thousands digit of 31364742?
6
What is the hundreds digit of 4411237?
2
What is the hundreds digit of 24490862?
8
What is the tens digit of 798209?
0
What is the ten thousands digit of 3677980?
7
What is the thousands digit of 4418041?
8
What is the tens digit of 225780?
8
What is the hundred thousands digit of 207613?
2
What is the hundred thousands digit of 238833?
2
What is the millions digit of 1415388?
1
What is the units digit of 37634?
4
What is the ten thousands digit of 94354?
9
What is the hundreds digit of 574960?
9
What is the hundreds digit of 143861?
8
What is the ten thousands digit of 447843?
4
What is the tens digit of 231507?
0
What is the hundreds digit of 3715235?
2
What is the hundreds digit of 1016142?
1
What is the units digit of 4895479?
9
What is the units digit of 186285?
5
What is the hundred thousands digit of 2207004?
2
What is the millions digit of 8396394?
8
What is the ten thousands digit of 716806?
1
What is the thousands digit of 14640158?
0
What is the thousands digit of 108212?
8
What is the units digit of 15646?
6
What is the tens digit of 3695903?
0
What is the thousands digit of 12179?
2
What is the thousands digit of 3974034?
4
What is the hundred thousands digit of 30568756?
5
What is the tens digit of 888735?
3
What is the hundred thousands digit of 229086?
2
What is the hundreds digit of 2270099?
0
What is the tens digit of 50101?
0
What is the thousands digit of 860920?
0
What is the thousands digit of 1554728?
4
What is the tens digit of 564071?
7
What is the tens digit of 13822560?
6
What is the hundred thousands digit of 315110?
3
What is the hundred thousands digit of 1438082?
4
What is the hundred thousands digit of 764743?
7
What is the thousands digit of 5570605?
0
What is the ten thousands digit of 160857?
6
What is the tens digit of 6696484?
8
What is the ten thousands digit of 6839101?
3
What is the ten millions digit of 23667904?
2
What is the thousands digit of 10945?
0
What is the units digit of 98918?
8
What is the units digit of 93275?
5
What is the thousands digit of 370486?
0
What is the thou